. Calculate the highest common divisor of f and 154.
22
Suppose 0 = 3*j + 3*s - 195, 0 = s + 3*s - 20. Suppose 2*u - j = 30. What is the greatest common factor of u and 18?
9
Suppose -2 = s - 2*g, 3*s - 1 + 5 = 4*g. Let y = 0 - s. Suppose y = -4*q - 4*t - 0*t + 76, 4*q - 3*t - 83 = 0. Calculate the greatest common divisor of 4 and q.
4
Let c be (-2 - 1)/(2 - 14/4). What is the greatest common divisor of c and 8?
2
Let x = 149 - -12. Suppose 5*m - x = 79. Calculate the greatest common factor of 120 and m.
24
Let q(n) = -19*n - 1 + 10*n + 8*n + 45*n**2. Let r = -3 - -2. Let m be q(r). Calculate the greatest common factor of m and 9.
9
Let y(w) = w**3 - w. Let o be y(-1). Suppose 5*x - 15 = o, 0*x + 4*x - 40 = -4*m. Suppose -4*j + m = -5. What is the greatest common divisor of j and 3?
3
Suppose -2*m = 3*m - 75. Calculate the greatest common factor of m and 120.
15
Suppose 2*j = -4*j + 132. What is the greatest common factor of 33 and j?
11
Let m be 0 - 0*(-1)/3. Let r be 0 + m + 2 + 3. Suppose -r*i + 11 = 1. Calculate the greatest common factor of 16 and i.
2
Let p be 10 + (3 - 4) + -2. Calculate the highest common factor of p and 77.
7
Suppose 0 = 3*a - 2 + 20. Let r(m) = m**3 + 7*m**2 + 3*m - 7. Let j be r(a). Suppose 139 - 7 = 4*g. What is the greatest common factor of g and j?
11
Suppose 3 = h - 21. What is the highest common factor of h and 4?
4
Let f = 25 - 15. What is the greatest common divisor of f and 90?
10
Let k(f) = 8*f**2 + 11*f - 12. Let b be k(1). What is the greatest common divisor of 21 and b?
7
Suppose 50 = 2*f + 3*f. Calculate the greatest common divisor of 15 and f.
5
Let n = 6 - -20. Let z = 202 + -137. What is the highest common divisor of z and n?
13
Suppose -3*c - 25 = -205. What is the greatest common factor of 10 and c?
10
Let y(r) = -r + 9. Let f be y(4). Suppose -5*k + 4*j + 7 + 169 = 0, -4*k - 5*j = -108. Suppose 3*d - k = 13. What is the greatest common divisor of f and d?
5
Let r be (-220)/(-6) + (-10)/15. Calculate the highest common divisor of 12 and r.
12
Let t = -1 + 109. What is the highest common factor of 12 and t?
12
Suppose 0 = -3*g - 55 + 205. Suppose -2*l - 8 = 0, -2*l - g = 5*s + 3*l. Let k = 22 + s. What is the greatest common factor of 80 and k?
16
Suppose -3*s + 5*s = -60. Let c = s - -75. Let o = 31 - 1. What is the highest common factor of c and o?
15
Let t(r) = 6*r - 2. Let o be t(5). Suppose 2*g - 195 = -4*m - 23, -g - 40 = -m. What is the greatest common factor of o and m?
14
Let x(m) = -m**2 + 11*m - 10. Let q be x(4). Calculate the highest common factor of q and 9.
9
Let z(v) = -v**2 + 8*v + 2. Let q(j) = -j + 1. Let b be q(0). Let n be b/2 + 65/10. Let f be z(n). What is the highest common divisor of 63 and f?
9
Suppose -i = o + 4, -4*o - 3*i = o + 16. Let y = 38 + o. Let u = 149 + -59. What is the highest common factor of u and y?
18
Let j = -6 + 27. Suppose 7*r + 65 - 86 = 0. Calculate the greatest common divisor of j and r.
3
Let k(h) = h**2 - 17*h + 4. Let z be k(17). What is the greatest common divisor of 12 and z?
4
Let b = -22 - -24. Let c be (-95)/(-10) - (-1)/b. Suppose -2*l - 100 = -7*l. What is the greatest common factor of l and c?
10
Let g(q) = q**3 - q**2 + 6. Let j be g(3). What is the greatest common divisor of j and 12?
12
Suppose 2*w + 0*w - 192 = 0. Let a be (-1*2)/(-2) + 1. Let o be -1 + a + -1 - -12. Calculate the greatest common divisor of o and w.
12
Suppose 0*m - 5*m - 3*v = 82, 2*v - 20 = 2*m. Let d = -7 - m. What is the greatest common divisor of d and 21?
7
Let g = -13 - -13. Let y = -2 - -4. Suppose -5*x + y*x = -5*w + 62, g = w - x - 14. What is the highest common divisor of w and 110?
10
Suppose -13*p + 858 = -0*p. What is the greatest common divisor of p and 66?
66
Let r be -4*(1 - 2 - 0). Let h be (-14)/49 - r/(-14). Let o = 5 - h. Calculate the greatest common divisor of 15 and o.
5
Suppose -19 = -3*f - 4*z, 25 = 4*f + z - 22. Calculate the greatest common factor of f and 13.
13
Let z be (-2)/((4/(-29))/2). Let h = -13 + z. What is the highest common factor of 4 and h?
4
Let a = 135 - 103. What is the highest common factor of a and 2?
2
Suppose 29 - 8 = 3*m. Let q be 108/90*10/3. Suppose -4*g + m*g - 3 = 0, -w + q*g = -7. What is the greatest common factor of 33 and w?
11
Suppose 3*s - 78 = -2*p - s, -s = 3. Calculate the highest common divisor of p and 9.
9
Let s = 644 - 428. Suppose -3*f = -6*f + s. What is the greatest common divisor of f and 12?
12
Let w = 30 + -90. Let y = -38 - w. Calculate the highest common divisor of y and 198.
22
Let m(o) be the second derivative of -o**5/10 + o**4/6 + 2*o**3/3 + o**2 + 7*o. Let c be m(-2). Calculate the highest common factor of c and 18.
18
Suppose 2*i - 144 + 0 = 0. What is the greatest common divisor of i and 9?
9
Let i be 6/(-4) - 49/14. Let c be (-32)/i + 10/(-25). What is the highest common divisor of 54 and c?
6
Suppose -16 - 6 = 2*n. Let d(i) = -4*i - 11. Let w be d(n). What is the highest common factor of 11 and w?
11
Let m(s) = s**2 - 5*s - 3. Let c be m(6). Let g be (c - 5)/(2/(-4)). Let z be (-69)/23*10/(-3). Calculate the greatest common factor of g and z.
2
Let v = -230 + 398. What is the greatest common divisor of 21 and v?
21
Let c(f) be the first derivative of -2*f**2 + 7. Suppose -3 = -4*w - 11. Let o be c(w). What is the highest common factor of 1 and o?
1
Let w(b) = 2*b**2 - 10*b + 3. Let r = -2 - -10. Let z be w(r). Calculate the greatest common divisor of 17 and z.
17
Suppose 0 = j - 5 + 2. Suppose -4*d - 26 = -j*m - 4, -4*m = 3*d - 21. Let o be (-13 - -1)*3/(-6). What is the highest common factor of o and m?
6
Let b be (-16)/(-72) - 968/(-18). What is the greatest common factor of b and 6?
6
Let p = 52 - -12. Calculate the greatest common divisor of p and 32.
32
Suppose 14 = 2*r + 6, 5*o - 38 = -2*r. What is the greatest common factor of o and 9?
3
Let i be 27/(-6)*-1*(4 - -14). Let z = 17 - 8. Calculate the greatest common factor of i and z.
9
Suppose 2*u - 3*w = -0*w - 6, -3*u = 2*w - 17. Let r(z) = -23*z**3 - z. Let d be r(-1). Calculate the highest common divisor of d and u.
3
Let l = -5 - -71. Calculate the greatest common factor of 6 and l.
6
Let j = -5 + 5. Let z(c) = -4*c + 2*c + j*c - 2 - c**3. Let i be z(-2). What is the greatest common factor of i and 90?
10
Let t(s) = -5*s - 35. Let y be t(-21). Suppose 3*p - 49 = 35. What is the highest common factor of y and p?
14
Let o(z) = z**2 + 8*z + 18. Let b be o(-8). What is the greatest common divisor of b and 9?
9
Let o = 15 - -15. Suppose n + o = 4*n. Suppose -5*y + 5 = 5*u, -4*y - 3*u + 8 - 1 = 0. Calculate the greatest common factor of y and n.
2
Let j be 4/(-8)*(0 - 0). Suppose j = -3*f + 116 + 220. What is the highest common factor of 14 and f?
14
Let d be -10*(11/(-2) + 1). Suppose -3*a + 7*z + 3 = 4*z, -4*z + 16 = 0. What is the highest common divisor of a and d?
5
Suppose 5*f = 2*f + 126. Let s be -1*(-2)/(-2)*-3. Suppose -2*x - 3*l + 21 = 0, -3*l - s = -x - x. What is the highest common factor of f and x?
6
Let b(o) = -o**2 + 9*o + 7. Let r be b(7). Calculate the highest common divisor of 7 and r.
7
Let b(k) = 95*k - 19. Let m be b(3). What is the highest common divisor of 38 and m?
38
Let q = 86 - 26. Let l(i) = i**3 - 9*i**2 - 8*i - 8. Let d be l(10). Calculate the highest common factor of q and d.
12
Let r = -158 + 174. Calculate the highest common divisor of 208 and r.
16
Suppose -320 = -4*u - i, -2*i - 3*i = -3*u + 240. Let s be (3 + -15)*(-4)/6. Calculate the highest common divisor of u and s.
8
Let m(z) be the second derivative of -z**5/20 - z**4/2 - z**3 + 5*z**2/2 - 2*z. Let s be m(-5). Calculate the highest common factor of s and 20.
10
Suppose h - 135 = 27. Calculate the highest common divisor of h and 27.
27
Suppose 848 = 8*q - 160. Calculate the highest common factor of q and 14.
14
Suppose 3*r = 3*z + 15, 11 = -5*r + 26. Let d be 1/((z - 1) + 2). Let g be 12/9 - d/(-3). What is the highest common divisor of 8 and g?
1
Let s be (-4 - -28)/((-8)/(-4)). What is the greatest common factor of 36 and s?
12
Suppose 2*m + 5*q - 34 - 10 = 0, -q = -3*m + 66. Suppose 132 = 2*u + 2*u. What is the greatest common factor of m and u?
11
Suppose -5*x - 25 = -235. What is the greatest common factor of 21 and x?
21
Suppose -8*s